{"id":1303,"date":"2024-01-15T13:23:45","date_gmt":"2024-01-15T12:23:45","guid":{"rendered":"https:\/\/icrspmaurice.org\/?page_id=1303"},"modified":"2025-03-04T06:40:42","modified_gmt":"2025-03-04T05:40:42","slug":"enregistrement-des-sermons-2024-ad","status":"publish","type":"page","link":"https:\/\/icrspmaurice.org\/index.php\/enregistrement-des-sermons-2024-ad\/","title":{"rendered":"Enregistrement des sermons 2024 aD"},"content":{"rendered":"\n<p>Dimanche dans l&rsquo;octave de No\u00ebl<\/p>\n\n\n\n<figure class=\"wp-block-audio\"><audio controls src=\"https:\/\/icrspmaurice.org\/wp-content\/uploads\/2025\/03\/Sermon-Dim-octave-Noel-29-dec-2024.mp3\"><\/audio><\/figure>\n\n\n\n<p>No\u00ebl &#8211; Messe de Minuit<\/p>\n\n\n\n<figure class=\"wp-block-audio\"><audio controls src=\"https:\/\/icrspmaurice.org\/wp-content\/uploads\/2025\/03\/Sermon-Noel-2025-minuit.mp3\"><\/audio><\/figure>\n\n\n\n<p>4\u00e8me dimanche de l&rsquo;Avent 2024<\/p>\n\n\n\n<figure class=\"wp-block-audio\"><audio controls src=\"https:\/\/icrspmaurice.org\/wp-content\/uploads\/2025\/03\/Sermon-4eme-dim-de-lAvent-1.mp3\"><\/audio><\/figure>\n\n\n\n<p>1er dimanche de l&rsquo;Avent 2024<\/p>\n\n\n\n<p>27\u00e8me Dimanche apr\u00e8s la Pentec\u00f4te (24\u00e8me et dernier dimanche apr\u00e8s la Pentec\u00f4te)<\/p>\n\n\n\n<figure class=\"wp-block-audio\"><audio controls src=\"https:\/\/icrspmaurice.org\/wp-content\/uploads\/2025\/03\/Sermon-24eme-et-dernier-apres-la-Pentecote-Dim-24-novembre-2025.mp3\"><\/audio><\/figure>\n\n\n\n<p>26\u00e8me Dimanche apr\u00e8s la Pentec\u00f4te<\/p>\n\n\n\n<p>25\u00e8me Dimanche apr\u00e8s la Pentec\u00f4te<\/p>\n\n\n\n<figure class=\"wp-block-audio\"><audio controls src=\"https:\/\/icrspmaurice.org\/wp-content\/uploads\/2024\/11\/25eme-apres-Pentecote.mp3\"><\/audio><\/figure>\n\n\n\n<p>Toussaint<\/p>\n\n\n\n<figure class=\"wp-block-audio\"><audio controls src=\"https:\/\/icrspmaurice.org\/wp-content\/uploads\/2024\/11\/Toussaint.mp3\"><\/audio><\/figure>\n\n\n\n<p>Christ Roi &#8211; f\u00eate titulaire de l&rsquo;ICRSP<\/p>\n\n\n\n<figure class=\"wp-block-audio\"><audio controls src=\"https:\/\/icrspmaurice.org\/wp-content\/uploads\/2024\/11\/Christ-Roi-2024.mp3\"><\/audio><\/figure>\n\n\n\n<p>22\u00e8me Dimanche apr\u00e8s la Pentec\u00f4te<\/p>\n\n\n\n<p>21\u00e8me Dimanche apr\u00e8s la Pentec\u00f4te<\/p>\n\n\n\n<figure class=\"wp-block-audio\"><audio controls src=\"https:\/\/icrspmaurice.org\/wp-content\/uploads\/2025\/03\/21eme-dimanche-sermon.mp3\"><\/audio><\/figure>\n\n\n\n<p>20\u00e8me Dimanche apr\u00e8s la Pentec\u00f4te<\/p>\n\n\n\n<p>1er Samedi du mois (\u00e0 Marie Reine de la Paix \u00e0 Port-Louis)<\/p>\n\n\n\n<figure class=\"wp-block-audio\"><audio controls src=\"https:\/\/icrspmaurice.org\/wp-content\/uploads\/2024\/11\/Marie-Reine-Octobre.mp3\"><\/audio><\/figure>\n\n\n\n<p>D\u00e9dicace de St Michel Archange &#8211; 19\u00e8me Dimanche apr\u00e8s la Pentec\u00f4te<\/p>\n\n\n\n<figure class=\"wp-block-audio\"><audio controls src=\"https:\/\/icrspmaurice.org\/wp-content\/uploads\/2024\/11\/St-Michel-et-Ste-Therese-de-Lisieux.mp3\"><\/audio><\/figure>\n\n\n\n<p>18\u00e8me Dimanche apr\u00e8s la Pentec\u00f4te<\/p>\n\n\n\n<figure class=\"wp-block-audio\"><audio controls src=\"https:\/\/icrspmaurice.org\/wp-content\/uploads\/2024\/09\/18eme-apres-la-Pentecote-1-1.mp3\"><\/audio><\/figure>\n\n\n\n<p>Saint Louis &#8211; 14\u00e8me Dimanche apr\u00e8s la Pentec\u00f4te<\/p>\n\n\n\n<figure class=\"wp-block-audio\"><audio controls src=\"https:\/\/icrspmaurice.org\/wp-content\/uploads\/2024\/09\/St-Louis-14eme-2024-1.mp3\"><\/audio><\/figure>\n\n\n\n<p>13\u00e8me Dimanche apr\u00e8s la Pentec\u00f4te<\/p>\n\n\n\n<figure class=\"wp-block-audio\"><audio controls src=\"https:\/\/icrspmaurice.org\/wp-content\/uploads\/2024\/09\/wp-1724843898175.mp3\"><\/audio><\/figure>\n\n\n\n<p>Assomption de la Tr\u00e8s Sainte Vierge Marie<\/p>\n\n\n\n<figure class=\"wp-block-audio\"><audio controls src=\"https:\/\/icrspmaurice.org\/wp-content\/uploads\/2024\/09\/wp-1724843897870.mp3\"><\/audio><\/figure>\n\n\n\n<p>12\u00e8me Dimanche apr\u00e8s la Pentec\u00f4te<\/p>\n\n\n\n<figure class=\"wp-block-audio\"><audio controls src=\"https:\/\/icrspmaurice.org\/wp-content\/uploads\/2024\/09\/12eme-Murmures.mp3\"><\/audio><\/figure>\n\n\n\n<p>11\u00e8me Dimanche apr\u00e8s la Pentec\u00f4te<\/p>\n\n\n\n<figure class=\"wp-block-audio\"><audio controls src=\"https:\/\/icrspmaurice.org\/wp-content\/uploads\/2024\/08\/wp-1723040085819.mp3\"><\/audio><\/figure>\n\n\n\n<p>10\u00e8me Dimanche apr\u00e8s la Pentec\u00f4te<\/p>\n\n\n\n<figure class=\"wp-block-audio\"><audio controls src=\"https:\/\/icrspmaurice.org\/wp-content\/uploads\/2024\/07\/wp-1722282995518.mp3\"><\/audio><\/figure>\n\n\n\n<p>F\u00eate de la sainte Anne &#8211; P\u00e8lerinage \u00e0 Chamarel<\/p>\n\n\n\n<figure class=\"wp-block-audio\"><audio controls src=\"https:\/\/icrspmaurice.org\/wp-content\/uploads\/2024\/08\/Ste-Anne-Sermon.mp3\"><\/audio><\/figure>\n\n\n\n<p>9\u00e8me Dimanche apr\u00e8s la Pentec\u00f4te<\/p>\n\n\n\n<figure class=\"wp-block-audio\"><audio controls src=\"https:\/\/icrspmaurice.org\/wp-content\/uploads\/2024\/07\/9eme-apres-la-Pentecote-1.m4a\"><\/audio><\/figure>\n\n\n\n<p>8\u00e8me Dimanche apr\u00e8s la Pentec\u00f4te<\/p>\n\n\n\n<figure class=\"wp-block-audio\"><audio controls src=\"https:\/\/icrspmaurice.org\/wp-content\/uploads\/2024\/07\/Voix-012.m4a\"><\/audio><\/figure>\n\n\n\n<p>7\u00e8me Dimanche apr\u00e8s la Pentec\u00f4te<\/p>\n\n\n\n<figure class=\"wp-block-audio\"><audio controls src=\"https:\/\/icrspmaurice.org\/wp-content\/uploads\/2024\/07\/7eme-dimanche-apres-la-Pentecote.m4a\"><\/audio><\/figure>\n\n\n\n<p>6\u00e8me Dimanche apr\u00e8s la Pentec\u00f4te<\/p>\n\n\n\n<figure class=\"wp-block-audio\"><audio controls src=\"https:\/\/icrspmaurice.org\/wp-content\/uploads\/2024\/07\/wp-1720652359420.mp3\"><\/audio><\/figure>\n\n\n\n<p>5\u00e8me Dimanche apr\u00e8s la Pentec\u00f4te<\/p>\n\n\n\n<figure class=\"wp-block-audio\"><audio controls src=\"https:\/\/icrspmaurice.org\/wp-content\/uploads\/2024\/07\/wp-1720652382349.mp3\"><\/audio><\/figure>\n\n\n\n<p>4\u00e8me Dimanche apr\u00e8s la Pentec\u00f4te<\/p>\n\n\n\n<figure class=\"wp-block-audio\"><audio controls src=\"https:\/\/icrspmaurice.org\/wp-content\/uploads\/2024\/06\/Sermon-4eme-dimanche-apres-Pentecote.mp3\"><\/audio><\/figure>\n\n\n\n<p>Solennit\u00e9 ext\u00e9rieur de la F\u00eate du Sacr\u00e9-C\u0153ur<\/p>\n\n\n\n<figure class=\"wp-block-audio\"><audio controls src=\"https:\/\/icrspmaurice.org\/wp-content\/uploads\/2024\/06\/Sermon-Sacre-Coeur.mp3\"><\/audio><\/figure>\n\n\n\n<p>Dimanche de la Sainte Trinit\u00e9<\/p>\n\n\n\n<figure class=\"wp-block-audio\"><audio controls src=\"https:\/\/icrspmaurice.org\/wp-content\/uploads\/2024\/06\/wp-1717591364754.mp3\"><\/audio><\/figure>\n\n\n\n<p>Dimanche de la Pentec\u00f4te<\/p>\n\n\n\n<figure class=\"wp-block-audio\"><audio controls src=\"https:\/\/icrspmaurice.org\/wp-content\/uploads\/2024\/05\/Sermon-Pentecote-2024-1.mp3\"><\/audio><\/figure>\n\n\n\n<p>5\u00e8me Dimanche apr\u00e8s P\u00e2ques<\/p>\n\n\n\n<figure class=\"wp-block-audio\"><audio controls src=\"https:\/\/icrspmaurice.org\/wp-content\/uploads\/2024\/05\/5eme-apres-Paques.mp3\"><\/audio><\/figure>\n\n\n\n<p>4\u00e8me Dimanche apr\u00e8s P\u00e2ques<\/p>\n\n\n\n<figure class=\"wp-block-audio\"><audio controls src=\"https:\/\/icrspmaurice.org\/wp-content\/uploads\/2024\/05\/4eme-apres-Paques.mp3\"><\/audio><\/figure>\n\n\n\n<p>Dimanche de la Quasimodo &#8211; 1er apr\u00e8s P\u00e2ques<\/p>\n\n\n\n<figure class=\"wp-block-audio\"><audio controls src=\"https:\/\/icrspmaurice.org\/wp-content\/uploads\/2024\/05\/Quasimodo.mp3\"><\/audio><\/figure>\n\n\n\n<p>Jeudi Saint<\/p>\n\n\n\n<figure class=\"wp-block-audio\"><audio controls src=\"https:\/\/icrspmaurice.org\/wp-content\/uploads\/2024\/05\/Jeudi-saint-2024.mp3\"><\/audio><\/figure>\n\n\n\n<p>III\u00e8me Dimanche de Car\u00eame | La vertu de Force<\/p>\n\n\n\n<figure class=\"wp-block-audio\"><audio controls src=\"https:\/\/icrspmaurice.org\/wp-content\/uploads\/2024\/03\/III-Careme-Force.mp3\"><\/audio><\/figure>\n\n\n\n<p>II\u00e8me Dimanche de Car\u00eame | La vertu de Temp\u00e9rance<\/p>\n\n\n\n<figure class=\"wp-block-audio\"><audio controls src=\"https:\/\/icrspmaurice.org\/wp-content\/uploads\/2024\/03\/Sermon-II-Careme-La-temperance.mp3\"><\/audio><\/figure>\n\n\n\n<p>Ier Dimanche de Car\u00eame | La vertu de Prudence<\/p>\n\n\n\n<p>Sexag\u00e9sime | La vertu de Charit\u00e9<\/p>\n\n\n\n<figure class=\"wp-block-audio\"><audio controls src=\"https:\/\/icrspmaurice.org\/wp-content\/uploads\/2024\/03\/QUINTAGESIME-La-Charite.mp3\"><\/audio><\/figure>\n\n\n\n<p>Septuag\u00e9sime | La vertu de Foi<\/p>\n\n\n\n<figure class=\"wp-block-audio\"><audio controls src=\"https:\/\/icrspmaurice.org\/wp-content\/uploads\/2024\/03\/La-foi-SEXAGESIME.mp3\"><\/audio><\/figure>\n\n\n\n<p>Saint Fran\u00e7ois de Sales | Septuag\u00e9sime <\/p>\n\n\n\n<figure class=\"wp-block-audio\"><audio controls src=\"https:\/\/icrspmaurice.org\/wp-content\/uploads\/2024\/03\/SEPTUAGESIMEConvenance-st-FdS.mp3\"><\/audio><\/figure>\n\n\n\n<p>III\u00e8me Dimanche apr\u00e8s l&rsquo;\u00c9piphanies<\/p>\n\n\n\n<p>II\u00e8me Dimanche apr\u00e8s l&rsquo;\u00c9piphanies<\/p>\n\n\n\n<figure class=\"wp-block-audio\"><audio controls src=\"https:\/\/icrspmaurice.org\/wp-content\/uploads\/2024\/01\/2eme-dimanche-apres-epiphanie.mp3\"><\/audio><\/figure>\n\n\n\n<p>Solennit\u00e9 ext\u00e9rieur de l&rsquo;\u00c9piphanies<\/p>\n\n\n\n<figure class=\"wp-block-audio\"><audio controls src=\"https:\/\/icrspmaurice.org\/wp-content\/uploads\/2024\/01\/Epiphanie-2024-1.mp3\"><\/audio><\/figure>\n\n\n\n<p>\u00c9piphanie <\/p>\n\n\n\n<figure class=\"wp-block-embed is-type-video is-provider-youtube wp-block-embed-youtube wp-embed-aspect-16-9 wp-has-aspect-ratio\"><div class=\"wp-block-embed__wrapper\">\n<iframe loading=\"lazy\" title=\"Sermon de la Messe de l&#039;Epiphanie 2024 \u00e0 Marie Reine de la Paix\" width=\"1200\" height=\"675\" src=\"https:\/\/www.youtube.com\/embed\/G0FiQ0-s0Zo?feature=oembed\" frameborder=\"0\" allow=\"accelerometer; autoplay; clipboard-write; encrypted-media; gyroscope; picture-in-picture; web-share\" referrerpolicy=\"strict-origin-when-cross-origin\" allowfullscreen><\/iframe>\n<\/div><\/figure>\n","protected":false},"excerpt":{"rendered":"<p>Dimanche dans l&rsquo;octave de No\u00ebl No\u00ebl &#8211; Messe de Minuit 4\u00e8me dimanche de l&rsquo;Avent 2024 1er dimanche de l&rsquo;Avent 2024 27\u00e8me Dimanche apr\u00e8s la Pentec\u00f4te (24\u00e8me et dernier dimanche apr\u00e8s la Pentec\u00f4te) 26\u00e8me Dimanche apr\u00e8s la Pentec\u00f4te 25\u00e8me Dimanche apr\u00e8s la Pentec\u00f4te Toussaint Christ Roi &#8211; f\u00eate titulaire de l&rsquo;ICRSP 22\u00e8me Dimanche apr\u00e8s la Pentec\u00f4te &#8230; <a title=\"Enregistrement des sermons 2024 aD\" class=\"read-more\" href=\"https:\/\/icrspmaurice.org\/index.php\/enregistrement-des-sermons-2024-ad\/\" aria-label=\"En savoir plus sur Enregistrement des sermons 2024 aD\">Lire la suite<\/a><\/p>\n","protected":false},"author":3,"featured_media":0,"parent":0,"menu_order":0,"comment_status":"closed","ping_status":"closed","template":"","meta":{"ngg_post_thumbnail":0,"footnotes":"","_links_to":"","_links_to_target":""},"yoast_head":"<!-- This site is optimized with the Yoast SEO plugin v22.6 - https:\/\/yoast.com\/wordpress\/plugins\/seo\/ -->\n<title>Enregistrement des sermons 2024 aD - ICRSP MAURICE<\/title>\n<meta name=\"robots\" content=\"index, follow, max-snippet:-1, max-image-preview:large, max-video-preview:-1\" \/>\n<link rel=\"canonical\" href=\"https:\/\/icrspmaurice.org\/index.php\/enregistrement-des-sermons-2024-ad\/\" \/>\n<meta property=\"og:locale\" content=\"fr_FR\" \/>\n<meta property=\"og:type\" content=\"article\" \/>\n<meta property=\"og:title\" content=\"Enregistrement des sermons 2024 aD - ICRSP MAURICE\" \/>\n<meta property=\"og:description\" content=\"Dimanche dans l&rsquo;octave de No\u00ebl No\u00ebl &#8211; Messe de Minuit 4\u00e8me dimanche de l&rsquo;Avent 2024 1er dimanche de l&rsquo;Avent 2024 27\u00e8me Dimanche apr\u00e8s la Pentec\u00f4te (24\u00e8me et dernier dimanche apr\u00e8s la Pentec\u00f4te) 26\u00e8me Dimanche apr\u00e8s la Pentec\u00f4te 25\u00e8me Dimanche apr\u00e8s la Pentec\u00f4te Toussaint Christ Roi &#8211; f\u00eate titulaire de l&rsquo;ICRSP 22\u00e8me Dimanche apr\u00e8s la Pentec\u00f4te ... Lire la suite\" \/>\n<meta property=\"og:url\" content=\"https:\/\/icrspmaurice.org\/index.php\/enregistrement-des-sermons-2024-ad\/\" \/>\n<meta property=\"og:site_name\" content=\"ICRSP MAURICE\" \/>\n<meta property=\"article:modified_time\" content=\"2025-03-04T05:40:42+00:00\" \/>\n<meta name=\"twitter:card\" content=\"summary_large_image\" \/>\n<meta name=\"twitter:label1\" content=\"Dur\u00e9e de lecture estim\u00e9e\" \/>\n\t<meta name=\"twitter:data1\" content=\"2 minutes\" \/>\n<script type=\"application\/ld+json\" class=\"yoast-schema-graph\">{\"@context\":\"https:\/\/schema.org\",\"@graph\":[{\"@type\":\"WebPage\",\"@id\":\"https:\/\/icrspmaurice.org\/index.php\/enregistrement-des-sermons-2024-ad\/\",\"url\":\"https:\/\/icrspmaurice.org\/index.php\/enregistrement-des-sermons-2024-ad\/\",\"name\":\"Enregistrement des sermons 2024 aD - ICRSP MAURICE\",\"isPartOf\":{\"@id\":\"https:\/\/icrspmaurice.org\/#website\"},\"datePublished\":\"2024-01-15T12:23:45+00:00\",\"dateModified\":\"2025-03-04T05:40:42+00:00\",\"breadcrumb\":{\"@id\":\"https:\/\/icrspmaurice.org\/index.php\/enregistrement-des-sermons-2024-ad\/#breadcrumb\"},\"inLanguage\":\"fr-FR\",\"potentialAction\":[{\"@type\":\"ReadAction\",\"target\":[\"https:\/\/icrspmaurice.org\/index.php\/enregistrement-des-sermons-2024-ad\/\"]}]},{\"@type\":\"BreadcrumbList\",\"@id\":\"https:\/\/icrspmaurice.org\/index.php\/enregistrement-des-sermons-2024-ad\/#breadcrumb\",\"itemListElement\":[{\"@type\":\"ListItem\",\"position\":1,\"name\":\"Accueil\",\"item\":\"https:\/\/icrspmaurice.org\/\"},{\"@type\":\"ListItem\",\"position\":2,\"name\":\"Enregistrement des sermons 2024 aD\"}]},{\"@type\":\"WebSite\",\"@id\":\"https:\/\/icrspmaurice.org\/#website\",\"url\":\"https:\/\/icrspmaurice.org\/\",\"name\":\"ICRSP MAURICE\",\"description\":\"Ile Maurice\",\"publisher\":{\"@id\":\"https:\/\/icrspmaurice.org\/#organization\"},\"potentialAction\":[{\"@type\":\"SearchAction\",\"target\":{\"@type\":\"EntryPoint\",\"urlTemplate\":\"https:\/\/icrspmaurice.org\/?s={search_term_string}\"},\"query-input\":\"required name=search_term_string\"}],\"inLanguage\":\"fr-FR\"},{\"@type\":\"Organization\",\"@id\":\"https:\/\/icrspmaurice.org\/#organization\",\"name\":\"ICRSP MAURICE\",\"url\":\"https:\/\/icrspmaurice.org\/\",\"logo\":{\"@type\":\"ImageObject\",\"inLanguage\":\"fr-FR\",\"@id\":\"https:\/\/icrspmaurice.org\/#\/schema\/logo\/image\/\",\"url\":\"https:\/\/icrspmaurice.org\/wp-content\/uploads\/2021\/08\/Institute-Crest.png\",\"contentUrl\":\"https:\/\/icrspmaurice.org\/wp-content\/uploads\/2021\/08\/Institute-Crest.png\",\"width\":288,\"height\":335,\"caption\":\"ICRSP MAURICE\"},\"image\":{\"@id\":\"https:\/\/icrspmaurice.org\/#\/schema\/logo\/image\/\"}}]}<\/script>\n<!-- \/ Yoast SEO plugin. -->","yoast_head_json":{"title":"Enregistrement des sermons 2024 aD - ICRSP MAURICE","robots":{"index":"index","follow":"follow","max-snippet":"max-snippet:-1","max-image-preview":"max-image-preview:large","max-video-preview":"max-video-preview:-1"},"canonical":"https:\/\/icrspmaurice.org\/index.php\/enregistrement-des-sermons-2024-ad\/","og_locale":"fr_FR","og_type":"article","og_title":"Enregistrement des sermons 2024 aD - ICRSP MAURICE","og_description":"Dimanche dans l&rsquo;octave de No\u00ebl No\u00ebl &#8211; Messe de Minuit 4\u00e8me dimanche de l&rsquo;Avent 2024 1er dimanche de l&rsquo;Avent 2024 27\u00e8me Dimanche apr\u00e8s la Pentec\u00f4te (24\u00e8me et dernier dimanche apr\u00e8s la Pentec\u00f4te) 26\u00e8me Dimanche apr\u00e8s la Pentec\u00f4te 25\u00e8me Dimanche apr\u00e8s la Pentec\u00f4te Toussaint Christ Roi &#8211; f\u00eate titulaire de l&rsquo;ICRSP 22\u00e8me Dimanche apr\u00e8s la Pentec\u00f4te ... Lire la suite","og_url":"https:\/\/icrspmaurice.org\/index.php\/enregistrement-des-sermons-2024-ad\/","og_site_name":"ICRSP MAURICE","article_modified_time":"2025-03-04T05:40:42+00:00","twitter_card":"summary_large_image","twitter_misc":{"Dur\u00e9e de lecture estim\u00e9e":"2 minutes"},"schema":{"@context":"https:\/\/schema.org","@graph":[{"@type":"WebPage","@id":"https:\/\/icrspmaurice.org\/index.php\/enregistrement-des-sermons-2024-ad\/","url":"https:\/\/icrspmaurice.org\/index.php\/enregistrement-des-sermons-2024-ad\/","name":"Enregistrement des sermons 2024 aD - ICRSP MAURICE","isPartOf":{"@id":"https:\/\/icrspmaurice.org\/#website"},"datePublished":"2024-01-15T12:23:45+00:00","dateModified":"2025-03-04T05:40:42+00:00","breadcrumb":{"@id":"https:\/\/icrspmaurice.org\/index.php\/enregistrement-des-sermons-2024-ad\/#breadcrumb"},"inLanguage":"fr-FR","potentialAction":[{"@type":"ReadAction","target":["https:\/\/icrspmaurice.org\/index.php\/enregistrement-des-sermons-2024-ad\/"]}]},{"@type":"BreadcrumbList","@id":"https:\/\/icrspmaurice.org\/index.php\/enregistrement-des-sermons-2024-ad\/#breadcrumb","itemListElement":[{"@type":"ListItem","position":1,"name":"Accueil","item":"https:\/\/icrspmaurice.org\/"},{"@type":"ListItem","position":2,"name":"Enregistrement des sermons 2024 aD"}]},{"@type":"WebSite","@id":"https:\/\/icrspmaurice.org\/#website","url":"https:\/\/icrspmaurice.org\/","name":"ICRSP MAURICE","description":"Ile Maurice","publisher":{"@id":"https:\/\/icrspmaurice.org\/#organization"},"potentialAction":[{"@type":"SearchAction","target":{"@type":"EntryPoint","urlTemplate":"https:\/\/icrspmaurice.org\/?s={search_term_string}"},"query-input":"required name=search_term_string"}],"inLanguage":"fr-FR"},{"@type":"Organization","@id":"https:\/\/icrspmaurice.org\/#organization","name":"ICRSP MAURICE","url":"https:\/\/icrspmaurice.org\/","logo":{"@type":"ImageObject","inLanguage":"fr-FR","@id":"https:\/\/icrspmaurice.org\/#\/schema\/logo\/image\/","url":"https:\/\/icrspmaurice.org\/wp-content\/uploads\/2021\/08\/Institute-Crest.png","contentUrl":"https:\/\/icrspmaurice.org\/wp-content\/uploads\/2021\/08\/Institute-Crest.png","width":288,"height":335,"caption":"ICRSP MAURICE"},"image":{"@id":"https:\/\/icrspmaurice.org\/#\/schema\/logo\/image\/"}}]}},"_links":{"self":[{"href":"https:\/\/icrspmaurice.org\/index.php\/wp-json\/wp\/v2\/pages\/1303"}],"collection":[{"href":"https:\/\/icrspmaurice.org\/index.php\/wp-json\/wp\/v2\/pages"}],"about":[{"href":"https:\/\/icrspmaurice.org\/index.php\/wp-json\/wp\/v2\/types\/page"}],"author":[{"embeddable":true,"href":"https:\/\/icrspmaurice.org\/index.php\/wp-json\/wp\/v2\/users\/3"}],"replies":[{"embeddable":true,"href":"https:\/\/icrspmaurice.org\/index.php\/wp-json\/wp\/v2\/comments?post=1303"}],"version-history":[{"count":51,"href":"https:\/\/icrspmaurice.org\/index.php\/wp-json\/wp\/v2\/pages\/1303\/revisions"}],"predecessor-version":[{"id":1738,"href":"https:\/\/icrspmaurice.org\/index.php\/wp-json\/wp\/v2\/pages\/1303\/revisions\/1738"}],"wp:attachment":[{"href":"https:\/\/icrspmaurice.org\/index.php\/wp-json\/wp\/v2\/media?parent=1303"}],"curies":[{"name":"wp","href":"https:\/\/api.w.org\/{rel}","templated":true}]}}