{"id":1841,"date":"2025-10-22T10:40:14","date_gmt":"2025-10-22T08:40:14","guid":{"rendered":"https:\/\/icrspmaurice.org\/?page_id=1841"},"modified":"2025-10-22T11:16:18","modified_gmt":"2025-10-22T09:16:18","slug":"anniversaire-de-bapteme","status":"publish","type":"page","link":"https:\/\/icrspmaurice.org\/index.php\/anniversaire-de-bapteme\/","title":{"rendered":"Anniversaire de Bapt\u00eame"},"content":{"rendered":"\n<p>\u00ab\u00a0\u00a7 1. Une indulgence pl\u00e9ni\u00e8re est accord\u00e9e au fid\u00e8le qui dans la c\u00e9l\u00e9bration de la Vigile pascale ou le jour anniversaire de son bapt\u00eame, renouvelle les promesses du bapt\u00eame selon une formule l\u00e9gitimement approuv\u00e9e.\u00a0\u00bb<\/p>\n\n\n\n<hr class=\"wp-block-separator has-text-color has-contrast-color has-alpha-channel-opacity has-contrast-background-color has-background is-style-wide\"\/>\n\n\n\n<p>Le mandat re\u00e7u du pape Cl\u00e9ment XI (Rome 1706) le stipulait : \u00ab Renouveler l&rsquo;esprit du christianisme par le renouvellement des promesses du bapt\u00eame \u00bb.<\/p>\n\n\n\n<hr class=\"wp-block-separator has-text-color has-contrast-color has-alpha-channel-opacity has-contrast-background-color has-background is-style-wide\"\/>\n\n\n\n<p><br>Dans les premi\u00e8res missions populaires  (Poitiers 1702-1706) il semble bien que saint Louis-Marie Grignion de Montfort ait d\u00e9j\u00e0 pratiqu\u00e9 cette r\u00e9novation des promesses du bapt\u00eame. Dans sa lettre aux habitants de Montbernage (quartier de Poitiers), il s&rsquo;exprime ainsi : \u00ab Ne manquez point d&rsquo;accomplir et pratiquer fid\u00e8lement vos promesses du bapt\u00eame et dire tous les jours votre chapelet \u00bb.<\/p>\n\n\n\n<p><br>Apr\u00e8s 1708, le missionnaire est autonome, l&rsquo;initiative lui appartient vraiment. La c\u00e9r\u00e9monie de r\u00e9novation des promesses du bapt\u00eame est au c\u0153ur de la mission. Elle se situe vers la fin de la derni\u00e8re semaine, pr\u00e9c\u00e9dant la plantation de la croix. <\/p>\n\n\n\n<p>La c\u00e9r\u00e9monie commence par une procession ext\u00e9rieure jusqu&rsquo;au reposoir. Croix, banni\u00e8res, \u00e9tendards, instruments de musique, pr\u00e9c\u00e8dent les fid\u00e8les qui marchent au rythme des cantiques, de la musique ou de la pri\u00e8re, puis vient le Tr\u00e8s Saint Sacrement. Au reposoir, apr\u00e8s le chant de l&rsquo;\u00c9vangile et des hymnes liturgiques, saint Louis-Marie Grignion de Montfort assure la pr\u00e9dication.<br>Au retour, \u00e0 l&rsquo;\u00e9glise, a lieu l&rsquo;acte de r\u00e9novation par chacun des participants qui ont entre les mains le contrat d&rsquo;alliance avec Dieu.<\/p>\n\n\n\n<p>\u00c0 la porte de l\u2019\u00e9glise est pr\u00e9sent\u00e9 l\u2019\u00c9vangile pour la profession de foi personnelle (\u00ab\u00a0je crois fermement toutes les v\u00e9rit\u00e9s de l\u2019\u00c9vangile de J\u00e9sus Christ\u00a0\u00bb) et on se rend aux fonts baptismaux pour le renoncement au d\u00e9mon et le choix de J\u00e9sus Christ, en renouvelant les v\u0153ux du bapt\u00eame ; c\u2019est alors que pr\u00e8s de l\u2019autel de la Vierge, on explicite le r\u00f4le m\u00e9diateur de Marie dans notre chemin vers J\u00e9sus (\u00ab\u00a0je me donne tout entier \u00e0 J\u00e9sus Christ par les mains de Marie, pour porter ma croix \u00e0 sa suite, tous les jours de ma vie\u00a0\u00bb).<\/p>\n\n\n\n<p>Suivait la B\u00e9n\u00e9diction avec le Saint-Sacrement.<\/p>\n\n\n\n<p>On terminait avec la b\u00e9n\u00e9diction d\u2019objets sacr\u00e9s: crucifix, chapelets, images\u2026 C\u2019\u00e9tait une fa\u00e7on de remettre quelque chose \u00e0 porter dans le monde, dans la vie quotidienne, pour qu\u2019elle soit sanctifi\u00e9e.<\/p>\n\n\n\n<p><\/p>\n\n\n\n<hr class=\"wp-block-separator has-text-color has-contrast-color has-alpha-channel-opacity has-contrast-background-color has-background is-style-wide\"\/>\n\n\n\n<figure class=\"wp-block-image size-full\"><img decoding=\"async\" loading=\"lazy\" width=\"756\" height=\"756\" src=\"https:\/\/icrspmaurice.org\/wp-content\/uploads\/2025\/10\/WhatsApp-Image-2025-10-22-a-12.37.37_1d52a058-edited.jpg\" alt=\"\" class=\"wp-image-1852\" srcset=\"https:\/\/icrspmaurice.org\/wp-content\/uploads\/2025\/10\/WhatsApp-Image-2025-10-22-a-12.37.37_1d52a058-edited.jpg 756w, https:\/\/icrspmaurice.org\/wp-content\/uploads\/2025\/10\/WhatsApp-Image-2025-10-22-a-12.37.37_1d52a058-edited-300x300.jpg 300w, https:\/\/icrspmaurice.org\/wp-content\/uploads\/2025\/10\/WhatsApp-Image-2025-10-22-a-12.37.37_1d52a058-edited-150x150.jpg 150w, https:\/\/icrspmaurice.org\/wp-content\/uploads\/2025\/10\/WhatsApp-Image-2025-10-22-a-12.37.37_1d52a058-edited-45x45.jpg 45w\" sizes=\"(max-width: 756px) 100vw, 756px\" \/><\/figure>\n\n\n\n<figure class=\"wp-block-image size-full\"><img decoding=\"async\" loading=\"lazy\" width=\"756\" height=\"756\" src=\"https:\/\/icrspmaurice.org\/wp-content\/uploads\/2025\/10\/WhatsApp-Image-2025-10-22-a-12.37.38_8c087971-edited.jpg\" alt=\"\" class=\"wp-image-1851\" srcset=\"https:\/\/icrspmaurice.org\/wp-content\/uploads\/2025\/10\/WhatsApp-Image-2025-10-22-a-12.37.38_8c087971-edited.jpg 756w, https:\/\/icrspmaurice.org\/wp-content\/uploads\/2025\/10\/WhatsApp-Image-2025-10-22-a-12.37.38_8c087971-edited-300x300.jpg 300w, https:\/\/icrspmaurice.org\/wp-content\/uploads\/2025\/10\/WhatsApp-Image-2025-10-22-a-12.37.38_8c087971-edited-150x150.jpg 150w, https:\/\/icrspmaurice.org\/wp-content\/uploads\/2025\/10\/WhatsApp-Image-2025-10-22-a-12.37.38_8c087971-edited-45x45.jpg 45w\" sizes=\"(max-width: 756px) 100vw, 756px\" \/><\/figure>\n\n\n\n<div class=\"wp-block-file\"><object class=\"wp-block-file__embed\" data=\"https:\/\/icrspmaurice.org\/wp-content\/uploads\/2025\/10\/De-renovatione-Promissionum-Baptismatis.pdf\" type=\"application\/pdf\" style=\"width:100%;height:600px\" aria-label=\"Contenu embarqu\u00e9 De-renovatione-Promissionum-Baptismatis.\"><\/object><a id=\"wp-block-file--media-779eeb31-63b5-4c1f-8861-790685b9253e\" href=\"https:\/\/icrspmaurice.org\/wp-content\/uploads\/2025\/10\/De-renovatione-Promissionum-Baptismatis.pdf\">De-renovatione-Promissionum-Baptismatis<\/a><a href=\"https:\/\/icrspmaurice.org\/wp-content\/uploads\/2025\/10\/De-renovatione-Promissionum-Baptismatis.pdf\" class=\"wp-block-file__button wp-element-button\" download aria-describedby=\"wp-block-file--media-779eeb31-63b5-4c1f-8861-790685b9253e\">T\u00e9l\u00e9charger<\/a><\/div>\n\n\n\n<p><\/p>\n\n\n\n<p><\/p>\n","protected":false},"excerpt":{"rendered":"<p>\u00ab\u00a0\u00a7 1. Une indulgence pl\u00e9ni\u00e8re est accord\u00e9e au fid\u00e8le qui dans la c\u00e9l\u00e9bration de la Vigile pascale ou le jour anniversaire de son bapt\u00eame, renouvelle les promesses du bapt\u00eame selon une formule l\u00e9gitimement approuv\u00e9e.\u00a0\u00bb Le mandat re\u00e7u du pape Cl\u00e9ment XI (Rome 1706) le stipulait : \u00ab Renouveler l&rsquo;esprit du christianisme par le renouvellement des &#8230; <a title=\"Anniversaire de Bapt\u00eame\" class=\"read-more\" href=\"https:\/\/icrspmaurice.org\/index.php\/anniversaire-de-bapteme\/\" aria-label=\"En savoir plus sur Anniversaire de Bapt\u00eame\">Lire la suite<\/a><\/p>\n","protected":false},"author":3,"featured_media":0,"parent":0,"menu_order":0,"comment_status":"closed","ping_status":"closed","template":"","meta":{"ngg_post_thumbnail":0,"footnotes":"","_links_to":"","_links_to_target":""},"yoast_head":"<!-- This site is optimized with the Yoast SEO plugin v22.6 - https:\/\/yoast.com\/wordpress\/plugins\/seo\/ -->\n<title>Anniversaire de Bapt\u00eame - ICRSP MAURICE<\/title>\n<meta name=\"robots\" content=\"index, follow, max-snippet:-1, max-image-preview:large, max-video-preview:-1\" \/>\n<link rel=\"canonical\" href=\"https:\/\/icrspmaurice.org\/index.php\/anniversaire-de-bapteme\/\" \/>\n<meta property=\"og:locale\" content=\"fr_FR\" \/>\n<meta property=\"og:type\" content=\"article\" \/>\n<meta property=\"og:title\" content=\"Anniversaire de Bapt\u00eame - ICRSP MAURICE\" \/>\n<meta property=\"og:description\" content=\"\u00ab\u00a0\u00a7 1. Une indulgence pl\u00e9ni\u00e8re est accord\u00e9e au fid\u00e8le qui dans la c\u00e9l\u00e9bration de la Vigile pascale ou le jour anniversaire de son bapt\u00eame, renouvelle les promesses du bapt\u00eame selon une formule l\u00e9gitimement approuv\u00e9e.\u00a0\u00bb Le mandat re\u00e7u du pape Cl\u00e9ment XI (Rome 1706) le stipulait : \u00ab Renouveler l&rsquo;esprit du christianisme par le renouvellement des ... Lire la suite\" \/>\n<meta property=\"og:url\" content=\"https:\/\/icrspmaurice.org\/index.php\/anniversaire-de-bapteme\/\" \/>\n<meta property=\"og:site_name\" content=\"ICRSP MAURICE\" \/>\n<meta property=\"article:modified_time\" content=\"2025-10-22T09:16:18+00:00\" \/>\n<meta property=\"og:image\" content=\"https:\/\/icrspmaurice.org\/wp-content\/uploads\/2025\/10\/WhatsApp-Image-2025-10-22-a-12.37.37_1d52a058-edited.jpg\" \/>\n<meta name=\"twitter:card\" content=\"summary_large_image\" \/>\n<meta name=\"twitter:label1\" content=\"Dur\u00e9e de lecture estim\u00e9e\" \/>\n\t<meta name=\"twitter:data1\" content=\"3 minutes\" \/>\n<script type=\"application\/ld+json\" class=\"yoast-schema-graph\">{\"@context\":\"https:\/\/schema.org\",\"@graph\":[{\"@type\":\"WebPage\",\"@id\":\"https:\/\/icrspmaurice.org\/index.php\/anniversaire-de-bapteme\/\",\"url\":\"https:\/\/icrspmaurice.org\/index.php\/anniversaire-de-bapteme\/\",\"name\":\"Anniversaire de Bapt\u00eame - ICRSP MAURICE\",\"isPartOf\":{\"@id\":\"https:\/\/icrspmaurice.org\/#website\"},\"primaryImageOfPage\":{\"@id\":\"https:\/\/icrspmaurice.org\/index.php\/anniversaire-de-bapteme\/#primaryimage\"},\"image\":{\"@id\":\"https:\/\/icrspmaurice.org\/index.php\/anniversaire-de-bapteme\/#primaryimage\"},\"thumbnailUrl\":\"https:\/\/icrspmaurice.org\/wp-content\/uploads\/2025\/10\/WhatsApp-Image-2025-10-22-a-12.37.37_1d52a058-edited.jpg\",\"datePublished\":\"2025-10-22T08:40:14+00:00\",\"dateModified\":\"2025-10-22T09:16:18+00:00\",\"breadcrumb\":{\"@id\":\"https:\/\/icrspmaurice.org\/index.php\/anniversaire-de-bapteme\/#breadcrumb\"},\"inLanguage\":\"fr-FR\",\"potentialAction\":[{\"@type\":\"ReadAction\",\"target\":[\"https:\/\/icrspmaurice.org\/index.php\/anniversaire-de-bapteme\/\"]}]},{\"@type\":\"ImageObject\",\"inLanguage\":\"fr-FR\",\"@id\":\"https:\/\/icrspmaurice.org\/index.php\/anniversaire-de-bapteme\/#primaryimage\",\"url\":\"https:\/\/icrspmaurice.org\/wp-content\/uploads\/2025\/10\/WhatsApp-Image-2025-10-22-a-12.37.37_1d52a058-edited.jpg\",\"contentUrl\":\"https:\/\/icrspmaurice.org\/wp-content\/uploads\/2025\/10\/WhatsApp-Image-2025-10-22-a-12.37.37_1d52a058-edited.jpg\",\"width\":756,\"height\":756},{\"@type\":\"BreadcrumbList\",\"@id\":\"https:\/\/icrspmaurice.org\/index.php\/anniversaire-de-bapteme\/#breadcrumb\",\"itemListElement\":[{\"@type\":\"ListItem\",\"position\":1,\"name\":\"Accueil\",\"item\":\"https:\/\/icrspmaurice.org\/\"},{\"@type\":\"ListItem\",\"position\":2,\"name\":\"Anniversaire de Bapt\u00eame\"}]},{\"@type\":\"WebSite\",\"@id\":\"https:\/\/icrspmaurice.org\/#website\",\"url\":\"https:\/\/icrspmaurice.org\/\",\"name\":\"ICRSP MAURICE\",\"description\":\"Ile Maurice\",\"publisher\":{\"@id\":\"https:\/\/icrspmaurice.org\/#organization\"},\"potentialAction\":[{\"@type\":\"SearchAction\",\"target\":{\"@type\":\"EntryPoint\",\"urlTemplate\":\"https:\/\/icrspmaurice.org\/?s={search_term_string}\"},\"query-input\":\"required name=search_term_string\"}],\"inLanguage\":\"fr-FR\"},{\"@type\":\"Organization\",\"@id\":\"https:\/\/icrspmaurice.org\/#organization\",\"name\":\"ICRSP MAURICE\",\"url\":\"https:\/\/icrspmaurice.org\/\",\"logo\":{\"@type\":\"ImageObject\",\"inLanguage\":\"fr-FR\",\"@id\":\"https:\/\/icrspmaurice.org\/#\/schema\/logo\/image\/\",\"url\":\"https:\/\/icrspmaurice.org\/wp-content\/uploads\/2021\/08\/Institute-Crest.png\",\"contentUrl\":\"https:\/\/icrspmaurice.org\/wp-content\/uploads\/2021\/08\/Institute-Crest.png\",\"width\":288,\"height\":335,\"caption\":\"ICRSP MAURICE\"},\"image\":{\"@id\":\"https:\/\/icrspmaurice.org\/#\/schema\/logo\/image\/\"}}]}<\/script>\n<!-- \/ Yoast SEO plugin. -->","yoast_head_json":{"title":"Anniversaire de Bapt\u00eame - ICRSP MAURICE","robots":{"index":"index","follow":"follow","max-snippet":"max-snippet:-1","max-image-preview":"max-image-preview:large","max-video-preview":"max-video-preview:-1"},"canonical":"https:\/\/icrspmaurice.org\/index.php\/anniversaire-de-bapteme\/","og_locale":"fr_FR","og_type":"article","og_title":"Anniversaire de Bapt\u00eame - ICRSP MAURICE","og_description":"\u00ab\u00a0\u00a7 1. Une indulgence pl\u00e9ni\u00e8re est accord\u00e9e au fid\u00e8le qui dans la c\u00e9l\u00e9bration de la Vigile pascale ou le jour anniversaire de son bapt\u00eame, renouvelle les promesses du bapt\u00eame selon une formule l\u00e9gitimement approuv\u00e9e.\u00a0\u00bb Le mandat re\u00e7u du pape Cl\u00e9ment XI (Rome 1706) le stipulait : \u00ab Renouveler l&rsquo;esprit du christianisme par le renouvellement des ... Lire la suite","og_url":"https:\/\/icrspmaurice.org\/index.php\/anniversaire-de-bapteme\/","og_site_name":"ICRSP MAURICE","article_modified_time":"2025-10-22T09:16:18+00:00","og_image":[{"url":"https:\/\/icrspmaurice.org\/wp-content\/uploads\/2025\/10\/WhatsApp-Image-2025-10-22-a-12.37.37_1d52a058-edited.jpg"}],"twitter_card":"summary_large_image","twitter_misc":{"Dur\u00e9e de lecture estim\u00e9e":"3 minutes"},"schema":{"@context":"https:\/\/schema.org","@graph":[{"@type":"WebPage","@id":"https:\/\/icrspmaurice.org\/index.php\/anniversaire-de-bapteme\/","url":"https:\/\/icrspmaurice.org\/index.php\/anniversaire-de-bapteme\/","name":"Anniversaire de Bapt\u00eame - ICRSP MAURICE","isPartOf":{"@id":"https:\/\/icrspmaurice.org\/#website"},"primaryImageOfPage":{"@id":"https:\/\/icrspmaurice.org\/index.php\/anniversaire-de-bapteme\/#primaryimage"},"image":{"@id":"https:\/\/icrspmaurice.org\/index.php\/anniversaire-de-bapteme\/#primaryimage"},"thumbnailUrl":"https:\/\/icrspmaurice.org\/wp-content\/uploads\/2025\/10\/WhatsApp-Image-2025-10-22-a-12.37.37_1d52a058-edited.jpg","datePublished":"2025-10-22T08:40:14+00:00","dateModified":"2025-10-22T09:16:18+00:00","breadcrumb":{"@id":"https:\/\/icrspmaurice.org\/index.php\/anniversaire-de-bapteme\/#breadcrumb"},"inLanguage":"fr-FR","potentialAction":[{"@type":"ReadAction","target":["https:\/\/icrspmaurice.org\/index.php\/anniversaire-de-bapteme\/"]}]},{"@type":"ImageObject","inLanguage":"fr-FR","@id":"https:\/\/icrspmaurice.org\/index.php\/anniversaire-de-bapteme\/#primaryimage","url":"https:\/\/icrspmaurice.org\/wp-content\/uploads\/2025\/10\/WhatsApp-Image-2025-10-22-a-12.37.37_1d52a058-edited.jpg","contentUrl":"https:\/\/icrspmaurice.org\/wp-content\/uploads\/2025\/10\/WhatsApp-Image-2025-10-22-a-12.37.37_1d52a058-edited.jpg","width":756,"height":756},{"@type":"BreadcrumbList","@id":"https:\/\/icrspmaurice.org\/index.php\/anniversaire-de-bapteme\/#breadcrumb","itemListElement":[{"@type":"ListItem","position":1,"name":"Accueil","item":"https:\/\/icrspmaurice.org\/"},{"@type":"ListItem","position":2,"name":"Anniversaire de Bapt\u00eame"}]},{"@type":"WebSite","@id":"https:\/\/icrspmaurice.org\/#website","url":"https:\/\/icrspmaurice.org\/","name":"ICRSP MAURICE","description":"Ile Maurice","publisher":{"@id":"https:\/\/icrspmaurice.org\/#organization"},"potentialAction":[{"@type":"SearchAction","target":{"@type":"EntryPoint","urlTemplate":"https:\/\/icrspmaurice.org\/?s={search_term_string}"},"query-input":"required name=search_term_string"}],"inLanguage":"fr-FR"},{"@type":"Organization","@id":"https:\/\/icrspmaurice.org\/#organization","name":"ICRSP MAURICE","url":"https:\/\/icrspmaurice.org\/","logo":{"@type":"ImageObject","inLanguage":"fr-FR","@id":"https:\/\/icrspmaurice.org\/#\/schema\/logo\/image\/","url":"https:\/\/icrspmaurice.org\/wp-content\/uploads\/2021\/08\/Institute-Crest.png","contentUrl":"https:\/\/icrspmaurice.org\/wp-content\/uploads\/2021\/08\/Institute-Crest.png","width":288,"height":335,"caption":"ICRSP MAURICE"},"image":{"@id":"https:\/\/icrspmaurice.org\/#\/schema\/logo\/image\/"}}]}},"_links":{"self":[{"href":"https:\/\/icrspmaurice.org\/index.php\/wp-json\/wp\/v2\/pages\/1841"}],"collection":[{"href":"https:\/\/icrspmaurice.org\/index.php\/wp-json\/wp\/v2\/pages"}],"about":[{"href":"https:\/\/icrspmaurice.org\/index.php\/wp-json\/wp\/v2\/types\/page"}],"author":[{"embeddable":true,"href":"https:\/\/icrspmaurice.org\/index.php\/wp-json\/wp\/v2\/users\/3"}],"replies":[{"embeddable":true,"href":"https:\/\/icrspmaurice.org\/index.php\/wp-json\/wp\/v2\/comments?post=1841"}],"version-history":[{"count":5,"href":"https:\/\/icrspmaurice.org\/index.php\/wp-json\/wp\/v2\/pages\/1841\/revisions"}],"predecessor-version":[{"id":1855,"href":"https:\/\/icrspmaurice.org\/index.php\/wp-json\/wp\/v2\/pages\/1841\/revisions\/1855"}],"wp:attachment":[{"href":"https:\/\/icrspmaurice.org\/index.php\/wp-json\/wp\/v2\/media?parent=1841"}],"curies":[{"name":"wp","href":"https:\/\/api.w.org\/{rel}","templated":true}]}}